 - 828*d + 87. What is b(2)?
-429
Let w(m) = -648*m**2 + 2716*m - 19. Determine w(4).
477
Let b(d) = d**3 - 74*d**2 - 194*d + 3073. What is b(76)?
-119
Let y(i) = 5*i**2 - 164*i + 1226. What is y(10)?
86
Let t(h) = 9*h**2 + 186*h - 9. What is t(4)?
879
Let x(w) = -w**2 + 36*w + 7228. Calculate x(104).
156
Let p(i) = -2*i**2 + 80421*i - 2. Determine p(0).
-2
Let b(l) = 6*l**2 + 202*l - 67. Calculate b(-35).
213
Let x(g) = 2*g**3 - 2*g**2 - 76*g + 172. What is x(5)?
-8
Let l(o) = -5*o**2 + 258*o + 3752. Determine l(-13).
-447
Let m(o) = 3*o**2 - 146*o + 2478. Give m(20).
758
Let z(d) = -d**2 + 7556*d + 1424234. What is z(-184)?
74
Let m(y) = -4*y**3 - 24*y**2 + 1588*y + 9520. Calculate m(-6).
-8
Let z(c) = -c - 2312. Calculate z(-98).
-2214
Let b(n) = -n**3 - 181*n**2 - 247*n - 15726. Give b(-180).
-3666
Let i(c) = 3*c**2 + 179*c + 1972. Give i(-15).
-38
Let g(c) = 141769*c + 567074. Give g(-4).
-2
Let v(n) = -3*n**2 - 22*n - 839. Determine v(29).
-4000
Let b(a) = a**2 + 189*a + 873. Determine b(-184).
-47
Let i(c) = 2952*c - 2255363. What is i(764)?
-35
Let j(c) = -532*c - 12089. What is j(-22)?
-385
Let l(j) = -21495*j - 322397. Calculate l(-15).
28
Let b(v) = -43*v**2 + 109*v + 202. Determine b(-4).
-922
Let l(p) = p**3 + 23*p**2 + 192*p + 817. What is l(-13)?
11
Let a(k) = -11*k**2 + 739*k - 9374. Calculate a(17).
10
Let s(d) = d**3 - 67*d**2 - 1127*d + 98767. Calculate s(54).
1
Let n(t) = 4*t**2 - 1076*t + 13688. Determine n(13).
376
Let l(o) = -13*o**2 - 7*o + 20. Determine l(6).
-490
Let o(a) = -a**3 + 8*a**2 + 2365*a - 895. Determine o(-45).
5
Let v(l) = 147*l - 5998. Determine v(42).
176
Let n(s) = -2*s**3 - s**2 - 8*s - 4. What is n(-5)?
261
Let o(x) = -x**3 + 7*x**2 - 277664*x + 1388284. What is o(5)?
14
Let l(p) = -27659*p - 746772. What is l(-27)?
21
Let a(t) = -4*t**2 - 1869*t + 382696. Determine a(154).
6
Let u(d) = 6*d**3 + 32*d**2 + 6*d + 185. Give u(-6).
5
Let f(i) = i**3 - 121*i**2 + 3226*i + 1137. Determine f(81).
3
Let h(l) = 4*l**2 - 5030*l - 25175. Give h(-5).
75
Let z(l) = -l**2 + 11103*l - 319. Determine z(0).
-319
Let y(u) = -55*u**3 + 205*u + 203. What is y(-1)?
53
Let l(p) = -4*p**2 - 140*p - 2130. Give l(-38).
-2586
Let s(u) = -3*u**2 + 102*u + 580. Give s(43).
-581
Let j(z) = 16155*z + 21211498. What is j(-1313)?
-17
Let t(x) = 3373*x**2 - 232732*x + 90. Calculate t(69).
435
Let s(j) = 22*j**2 + 367*j + 2397. What is s(-12)?
1161
Let j(w) = w**2 + 288*w + 5503. Determine j(-268).
143
Let p(d) = d**2 - 96*d - 1464. Calculate p(-16).
328
Let x(i) = i**3 + 62*i**2 + 148*i + 526. Give x(-60).
-1154
Let c(z) = 1029*z - 282969. What is c(275)?
6
Let b(k) = -320*k + 102099. Determine b(319).
19
Let k(a) = 18007*a + 900347. Determine k(-50).
-3
Let j(c) = c**3 + 2*c**2 - 156*c - 827. What is j(-6)?
-35
Let z(g) = 31*g**2 + 320*g - 2501. What is z(7)?
1258
Let g(v) = -238*v + 5680. Determine g(25).
-270
Let h(a) = -252*a + 37620. Calculate h(149).
72
Let s(t) = -15*t**2 - 22709*t + 600574. Determine s(26).
0
Let z(g) = 5659*g - 305591. Determine z(54).
-5
Let j(b) = -2*b**3 + 24*b**2 - 992*b - 3202. What is j(-3)?
44
Let z(k) = 7*k**3 - 11*k**2 + 1073*k + 2193. Calculate z(-2).
-53
Let q(o) = 3*o**2 + 1351*o + 3997. Give q(-3).
-29
Let i(v) = -4*v**2 + 996*v + 449226. Give i(482).
2
Let v(b) = 49*b**3 + 9*b**2 - 115*b - 318. Give v(-3).
-1215
Let f(k) = 15*k**2 + 70*k. Give f(-5).
25
Let g(d) = -d**3 - 3*d**2 + 860*d + 3374. What is g(-4)?
-50
Let i(n) = 4*n**3 - 9700*n**2 + 86973*n + 26. What is i(9)?
-1
Let b(f) = -f**3 + 28*f**2 - 14*f - 352. Determine b(27).
-1
Let u(j) = 68*j**2 - 3614*j + 135. What is u(53)?
-395
Let w(x) = -30624*x - 1133082. Give w(-37).
6
Let i(k) = 5*k - 210. Give i(53).
55
Let w(h) = 868*h**3 + 8*h**2 - 8*h - 2. What is w(1)?
866
Let n(w) = w**3 + 87*w**2 + 443*w + 9165. What is n(-83)?
-48
Let b(v) = 203*v + 1258. Calculate b(-1).
1055
Let p(y) = -266*y + 888. Calculate p(2).
356
Let k(y) = 144*y**2 + 2522*y - 57. What is k(-18)?
1203
Let d(v) = -v**2 + 1611*v - 1. What is d(0)?
-1
Let t(s) = 1574292*s - 12594340. What is t(8)?
-4
Let v(j) = -4019*j - 132619. Determine v(-33).
8
Let u(w) = -8531*w - 25577. Determine u(-3).
16
Let k(m) = -22*m**3 - 262*m**2 - 582*m + 51. What is k(-3)?
33
Let i(a) = a**3 + 4*a**2 - 3*a + 185. Give i(-7).
59
Let r(f) = 705*f + 939783. What is r(-1333)?
18
Let k(g) = 7938*g - 222292. Calculate k(28).
-28
Let s(v) = 23126*v - 324034. What is s(14)?
-270
Let t(p) = 4*p**2 + 135*p + 192. Determine t(-35).
367
Let o(h) = -2*h**2 - 52904*h - 158700. Calculate o(-3).
-6
Let f(r) = r**3 - 410*r**2 - 231*r - 244310. What is f(412)?
6
Let j(f) = -27*f**2 - 991*f + 6922. Calculate j(6).
4
Let f(s) = -2*s**3 + 179*s**2 - 297*s - 11999. What is f(87)?
7
Let h(l) = -l**3 - 3*l**2 + 3*l - 61. Calculate h(-5).
-26
Let b(r) = 370*r + 1041. Calculate b(-3).
-69
Let d(c) = 148*c**2 + 2801*c - 73. Calculate d(-19).
136
Let z(n) = -21*n**2 - 174*n - 276. Determine z(-3).
57
Let i(s) = 2*s**3 + 310*s**2 + 9209*s + 1015. What is i(-115)?
-20
Let g(l) = l**2 - 1927*l + 31031. Calculate g(16).
455
Let a(i) = i**3 + 64*i**2 + 50*i - 748. Give a(-4).
12
Let u(t) = 2*t**3 + 12*t**2 - 54*t - 4. Determine u(-9).
-4
Let z(t) = t**3 - 81*t**2 + 421*t - 5544. Calculate z(77).
3157
Let v(c) = -331*c - 9689. Give v(-28).
-421
Let u(a) = 3*a**3 - 116*a**2 - 49*a + 272. Give u(39).
-118
Let n(p) = 4317*p - 51941. What is n(12)?
-137
Let x(c) = -c**3 - 45*c**2 - 209*c + 1246. Give x(-9).
211
Let x(k) = -3*k**3 + 27*k**2 - 29*k - 90. Give x(7).
1
Let d(i) = 43*i**2 + 147*i - 47. Calculate d(-6).
619
Let p(w) = 2*w**2 - 34*w - 1971. Give p(39).
-255
Let q(r) = 49*r**2 - 212*r - 2342. What is q(-10)?
4678
Let p(q) = 1249*q - 1070392. Determine p(857).
1
Let r(c) = -38680*c + 502820. Determine r(13).
-20
Let u(q) = 2*q**3 + 745*q**2 - 337*q + 13434. Give u(-373).
6
Let x(u) = -5*u**2 + 28*u + 569. What is x(18)?
-547
Let n(c) = -55*c**2 - 388*c - 239. Give n(-6).
109
Let a(p) = 23*p**3 + 307*p**2 - 560*p + 143. What is a(-15)?
-7
Let l(p) = -p**3 + 225*p**2 - 1944*p + 184. Give l(9).
184
Let y(r) = -1681*r + 2738. What is y(2)?
-624
Let r(x) = -x**3 - 49*x**2 + 202*x + 1455. Calculate r(-52).
-937
Let q(s) = s**3 - 465*s**2 - 1821*s + 235. What is q(-4)?
15
Let w(f) = -1722*f - 19299. Calculate w(-14).
4809
Let q(n) = 1996*n + 203549. Determine q(-102).
-43
Let u(r) = 90*r**2 - 14578*r - 200. What is u(162)?
124
Let j(f) = -f**3 + 113*f**2 + 604*f - 1658. What is j(118)?
-6
Let o(h) = 128*h - 18268. Determine o(118).
-3164
Let k(d) = 18656*d - 559786. Determine k(30).
-106
Let d(f) = 53014*f - 1113249. Determine d(21).
45
Let g(z) = 39*z**2 + 8*z - 14. Determine g(-3).
313
Let m(x) = 8*x**3 + 66*x**2 - 114*x - 1334. What is m(-10)?
-1594
Let n(q) = 5*q**3 - 347*q**2 + 2543*q + 1177. Give n(61).
18
Let m(s) = -s**3 + 80*s**2 + 45916*s + 2036. Calculate m(258).
-28
Let d(f) = -5*f**2 - 99*f + 6813. Give d(-49).
-341
Let j(f) = -4*f**3 - 55*f**2 + 1176*f + 16366. Calculate j(-14).
98
Let g(n) = -n**3 - 15*n**2 + 340*n + 4854. Calculate g(-16).
-330
Let f(x) = 2022*x + 153835. Calculate f(-76).
163
Let k(b) = -b**3 + 1995*b**2 + 298896*b - 552. Give k(-140).
8
Let x(s) = s**3 + 78*s**2 + 928*s - 1081. What is x(-63)?
-10
Let w(s) = -56*s**3 + 23*s**2 - 233*s + 232. Calculate w(1).
-34
Let u(y) = -30346*y - 2336625. Give u(-77).
17
Let s(n) = 364*n - 43421. Determine s(120).
259
Let f(g) = 6570*g - 98503. Calculate f(15).
47
Let y(s) = -789*s - 13685. Give y(-17).
-272
Let l(w) = 5*w**2 - 535*w - 6403. Determine l(-11).
87
Let f(m) = -2*m**3 - 397*m**2 + 607*m + 1604. Determine f(-200).
204
Let t(y) = -y**2 + 107657*y + 1722775. What is t(-16)?
7
Let l(p) = 43273*p + 735683. Give l(-17).
42
Let q(m) = 224*m**2 + 250*m + 256. What is q(-1)?
230
Let f(w) = -94*w - 8073. Determine f(-87).
105
Let v(k) = -942*k + 430528. What is v(457)?
34
Let d(n) = n**3 + 60*n**2 + 970*n - 277. Calculate d(-22).
-3225
Let j(t) = 3*t**2 - 17501*t - 34999. Determine j(-2).
15
Let q(g) = -1410*g + 297360. Give q(211).
-150
Let q(z) = z**3 + 44*z**2 + 61*z + 188. Calculate q(-42).
1154
Let x(m) = -2*m**3 + 84*m**2 - 22*m - 5498. Give x(40).
22
Let m(w) = -5241*w**2 + 172947*w + 208. Calculate m(33).
10
Let r(p) = 266*p - 5380. C